{"id":51,"date":"2024-10-15T16:59:19","date_gmt":"2024-10-15T14:59:19","guid":{"rendered":"https:\/\/fundacja-ass.pl\/?page_id=51"},"modified":"2025-02-03T11:39:24","modified_gmt":"2025-02-03T10:39:24","slug":"asystent-osobisty-osoby-z-niepelnosprawnoscia","status":"publish","type":"page","link":"https:\/\/fundacja-ass.pl\/index.php\/asystent-osobisty-osoby-z-niepelnosprawnoscia\/","title":{"rendered":"Asystent Osobisty Osoby z Niepe\u0142nosprawno\u015bci\u0105"},"content":{"rendered":"\n<p><strong>REKRUTACJA \u201eAsystent osobisty osoby z niepe\u0142nosprawno\u015bci\u0105\u201d dla Organizacji Pozarz\u0105dowych \u2013 edycja 2025<\/strong><\/p>\n\n\n\n<figure class=\"wp-block-image size-full\"><img loading=\"lazy\" decoding=\"async\" width=\"756\" height=\"141\" src=\"https:\/\/fundacja-ass.pl\/wp-content\/uploads\/2025\/02\/image-4.png\" alt=\"\" class=\"wp-image-196\" srcset=\"https:\/\/fundacja-ass.pl\/wp-content\/uploads\/2025\/02\/image-4.png 756w, https:\/\/fundacja-ass.pl\/wp-content\/uploads\/2025\/02\/image-4-300x56.png 300w\" sizes=\"auto, (max-width: 756px) 100vw, 756px\" \/><\/figure>\n\n\n\n<p>Fundacja Agencji S\u0142u\u017cby Spo\u0142ecznej, filia w Toruniu, rozpoczyna nab\u00f3r do Programu Ministerstwa Rodziny, Pracy i Polityki Spo\u0142ecznej \u201eAsystent osobisty osoby z niepe\u0142nosprawno\u015bci\u0105\u201d dla Organizacji Pozarz\u0105dowych \u2013 edycja 2025.<\/p>\n\n\n\n<p>Program AOON \u2013 edycja 2025 finansowany ze \u015brodk\u00f3w Funduszu Solidarno\u015bciowego, ma na celu wsparcie os\u00f3b z niepe\u0142nosprawno\u015bciami mieszkaj\u0105cych na terenie Miasta Toru\u0144 w wykonywaniu codziennych czynno\u015bci oraz funkcjonowaniu w \u017cyciu spo\u0142ecznym.<\/p>\n\n\n\n<p><strong>Udzia\u0142 w programie jest bezp\u0142atny<\/strong>.<\/p>\n\n\n\n<p>Zgodnie z warunkami Programu, jego g\u0142\u00f3wnym celem jest wprowadzenie us\u0142ug asystencji osobistej jako formy og\u00f3lnodost\u0119pnego wsparcia w wykonywaniu codziennych czynno\u015bci oraz funkcjonowaniu w \u017cyciu spo\u0142ecznym, kt\u00f3rych adresatami s\u0105 nast\u0119puj\u0105ce osoby:<\/p>\n\n\n\n<ol start=\"1\" class=\"wp-block-list\">\n<li>dzieci od 2. roku \u017cycia do 16. roku \u017cycia posiadaj\u0105cym orzeczenie o niepe\u0142nosprawno\u015bci \u0142\u0105cznie ze wskazaniami w pkt 7 i 8 w orzeczeniu o niepe\u0142nosprawno\u015bci \u2013 konieczno\u015bci sta\u0142ej lub d\u0142ugotrwa\u0142ej opieki lub pomocy innej osoby w zwi\u0105zku ze znacznie ograniczon\u0105 mo\u017cliwo\u015bci\u0105 samodzielnej egzystencji oraz konieczno\u015bci sta\u0142ego wsp\u00f3\u0142udzia\u0142u na co dzie\u0144 opiekuna dziecka w procesie jego leczenia, rehabilitacji i edukacjioraz<\/li>\n\n\n\n<li>osoby niepe\u0142nosprawne posiadaj\u0105ce orzeczenie:<\/li>\n<\/ol>\n\n\n\n<ol start=\"1\" style=\"list-style-type:lower-alpha\" class=\"wp-block-list\">\n<li>o znacznym stopniu niepe\u0142nosprawno\u015bci albo<\/li>\n\n\n\n<li>o umiarkowanym stopniu niepe\u0142nosprawno\u015bci albo<\/li>\n\n\n\n<li>traktowane na r\u00f3wni z orzeczeniami wymienionymi w lit. a i b, zgodnie z art. 5 i art. 62 ustawy z dnia 27 sierpnia 1997 r. o rehabilitacji zawodowej i spo\u0142ecznej oraz zatrudnianiu os\u00f3b niepe\u0142nosprawnych (Dz. U. z 2023 r. poz. 100, z p\u00f3\u017an. zm.).<\/li>\n<\/ol>\n\n\n\n<p>W ramach programu przewidziano wsparcie asystencji dla:<\/p>\n\n\n\n<p>20 \u2013 Os\u00f3b z orzeczeniem o znacznym stopniu niepe\u0142nosprawno\u015bci ze sprz\u0119\u017ceniem (840h\/osoba);<\/p>\n\n\n\n<p>15 \u2013 Os\u00f3b z orzeczeniem o znacznym stopniu niepe\u0142nosprawno\u015bci (720h\/osoba);<\/p>\n\n\n\n<p>2 \u2013 Os\u00f3b z umiarkowanym stopniem niepe\u0142nosprawno\u015bci ze sprz\u0119\u017ceniem (480h\/osoba);<\/p>\n\n\n\n<p>2 \u2013 Os\u00f3b z umiarkowanym stopniem niepe\u0142nosprawno\u015bci (360h\/osoba);<\/p>\n\n\n\n<p>5 \u2013 Dzieci (360 h\/osoba).<\/p>\n\n\n\n<p><strong>Rekrutacja b\u0119dzie trwa\u0107 od 5.02.2025 do 11.02.2025<\/strong><\/p>\n\n\n\n<p><strong>Nie przyjmujemy zg\u0142osze\u0144 przed wskazanym terminem.<\/strong><\/p>\n\n\n\n<p><strong>Dokumenty z\u0142o\u017cone po terminie nie b\u0119d\u0105 bra\u0142y udzia\u0142u w procesie rekrutacji<\/strong><\/p>\n\n\n\n<p>Gdyby ktokolwiek z Pa\u0144stwa mia\u0142 problem z pobraniem lub wydrukowaniem dokument\u00f3w mo\u017cna je pobra\u0107 bezpo\u015brednio w naszym biurze.<\/p>\n\n\n\n<p>W celu zg\u0142oszenia si\u0119 do programu nale\u017cy wype\u0142ni\u0107 i dostarczy\u0107 nast\u0119puj\u0105ce dokumenty:<\/p>\n\n\n\n<ul class=\"wp-block-list\">\n<li>Karta zg\u0142oszenia do programu FASS<\/li>\n\n\n\n<li>Klauzula informacyjna RODO FASS<\/li>\n\n\n\n<li>Karta zakresu czynno\u015bci FASS<\/li>\n\n\n\n<li>Wskazanie opiekuna (w przypadku wskazywania asystenta) FASS<\/li>\n<\/ul>\n\n\n\n<p>Dokumenty, o kt\u00f3rych mowa powy\u017cej, wraz z <strong>kserokopi\u0105 aktualnego orzeczenia o niepe\u0142nosprawno\u015bci<\/strong> potwierdzonego za zgodno\u015b\u0107 z orygina\u0142em (w przypadku sk\u0142adania dokument\u00f3w osobi\u015bcie w siedzibie FASS zgodno\u015b\u0107 z orygina\u0142em potwierdza pracownik FASS) nale\u017cy dostarczy\u0107 do siedziby <strong>Fundacji Agencji S\u0142u\u017cby Spo\u0142ecznej przy ul. Szosa Che\u0142mi\u0144ska 26\/402 (IV pi\u0119tro, budynek Banku ING) w Toruniu od poniedzia\u0142ku do pi\u0105tku w godzinach 8:00-16:00.<\/strong><\/p>\n\n\n\n<p>O wynikach rekrutacji b\u0119dziemy informowa\u0107 telefonicznie, jak r\u00f3wnie\u017c przeka\u017cemy Pa\u0144stwu decyzje papierowe.<\/p>\n\n\n\n<p>Kontakt:<\/p>\n\n\n\n<p>Fundacja Agencji S\u0142u\u017cby Spo\u0142ecznej filia w Toruniu<\/p>\n\n\n\n<p>ul. Szosa Che\u0142mi\u0144ska 26\/402<\/p>\n\n\n\n<p>87-100 Toru\u0144<\/p>\n\n\n\n<p>e-mail: fasstorun@poczta.onet.pl<\/p>\n\n\n\n<p>tel. 789-772-250 (pracownik Martyna Lewandowska)<\/p>\n\n\n\n<div data-wp-interactive=\"core\/file\" class=\"wp-block-file\"><object data-wp-bind--hidden=\"!state.hasPdfPreview\" hidden class=\"wp-block-file__embed\" data=\"https:\/\/fundacja-ass.pl\/wp-content\/uploads\/2025\/02\/Karta-zgloszenia-AOON-2025-1.pdf\" type=\"application\/pdf\" style=\"width:100%;height:600px\" aria-label=\"Osadzone z Karta zg\u0142oszenia AOON 2025.\"><\/object><a id=\"wp-block-file--media-d5ee6182-93a1-40b6-bf83-ebc1a1c7a33f\" href=\"https:\/\/fundacja-ass.pl\/wp-content\/uploads\/2025\/02\/Karta-zgloszenia-AOON-2025-1.pdf\">Karta zg\u0142oszenia AOON 2025<\/a><a href=\"https:\/\/fundacja-ass.pl\/wp-content\/uploads\/2025\/02\/Karta-zgloszenia-AOON-2025-1.pdf\" class=\"wp-block-file__button wp-element-button\" download aria-describedby=\"wp-block-file--media-d5ee6182-93a1-40b6-bf83-ebc1a1c7a33f\">Pobierz<\/a><\/div>\n\n\n\n<div data-wp-interactive=\"core\/file\" class=\"wp-block-file\"><object data-wp-bind--hidden=\"!state.hasPdfPreview\" hidden class=\"wp-block-file__embed\" data=\"https:\/\/fundacja-ass.pl\/wp-content\/uploads\/2025\/02\/Karta-zakresu-czynnosci-AOON-2025-1.pdf\" type=\"application\/pdf\" style=\"width:100%;height:600px\" aria-label=\"Osadzone z Karta zakresu czynno\u015bci AOON 2025.\"><\/object><a id=\"wp-block-file--media-5e461ac7-8d82-4348-a2fb-14f6548b1c1e\" href=\"https:\/\/fundacja-ass.pl\/wp-content\/uploads\/2025\/02\/Karta-zakresu-czynnosci-AOON-2025-1.pdf\">Karta zakresu czynno\u015bci AOON 2025<\/a><a href=\"https:\/\/fundacja-ass.pl\/wp-content\/uploads\/2025\/02\/Karta-zakresu-czynnosci-AOON-2025-1.pdf\" class=\"wp-block-file__button wp-element-button\" download aria-describedby=\"wp-block-file--media-5e461ac7-8d82-4348-a2fb-14f6548b1c1e\">Pobierz<\/a><\/div>\n\n\n\n<div data-wp-interactive=\"core\/file\" class=\"wp-block-file\"><object data-wp-bind--hidden=\"!state.hasPdfPreview\" hidden class=\"wp-block-file__embed\" data=\"https:\/\/fundacja-ass.pl\/wp-content\/uploads\/2025\/02\/RODO-2025-1.pdf\" type=\"application\/pdf\" style=\"width:100%;height:600px\" aria-label=\"Osadzone z RODO 2025.\"><\/object><a id=\"wp-block-file--media-935003c7-064a-4251-8c85-bbc462b37d2e\" href=\"https:\/\/fundacja-ass.pl\/wp-content\/uploads\/2025\/02\/RODO-2025-1.pdf\">RODO 2025<\/a><a href=\"https:\/\/fundacja-ass.pl\/wp-content\/uploads\/2025\/02\/RODO-2025-1.pdf\" class=\"wp-block-file__button wp-element-button\" download aria-describedby=\"wp-block-file--media-935003c7-064a-4251-8c85-bbc462b37d2e\">Pobierz<\/a><\/div>\n\n\n\n<div data-wp-interactive=\"core\/file\" class=\"wp-block-file\"><object data-wp-bind--hidden=\"!state.hasPdfPreview\" hidden class=\"wp-block-file__embed\" data=\"https:\/\/fundacja-ass.pl\/wp-content\/uploads\/2025\/02\/WSKAZANIE-OPIEKUNA-AOON-1.pdf\" type=\"application\/pdf\" style=\"width:100%;height:600px\" aria-label=\"Osadzone z WSKAZANIE OPIEKUNA AOON.\"><\/object><a id=\"wp-block-file--media-502870d2-a29c-4fe1-98ce-d627e60ebd70\" href=\"https:\/\/fundacja-ass.pl\/wp-content\/uploads\/2025\/02\/WSKAZANIE-OPIEKUNA-AOON-1.pdf\">WSKAZANIE OPIEKUNA AOON<\/a><a href=\"https:\/\/fundacja-ass.pl\/wp-content\/uploads\/2025\/02\/WSKAZANIE-OPIEKUNA-AOON-1.pdf\" class=\"wp-block-file__button wp-element-button\" download aria-describedby=\"wp-block-file--media-502870d2-a29c-4fe1-98ce-d627e60ebd70\">Pobierz<\/a><\/div>\n\n\n\n<div data-wp-interactive=\"core\/file\" class=\"wp-block-file\"><object data-wp-bind--hidden=\"!state.hasPdfPreview\" hidden class=\"wp-block-file__embed\" data=\"https:\/\/fundacja-ass.pl\/wp-content\/uploads\/2025\/02\/Zgoda-rodzica-na-opiekuna-wobec-dziecka-1.pdf\" type=\"application\/pdf\" style=\"width:100%;height:600px\" aria-label=\"Osadzone z Zgoda rodzica na opiekuna wobec dziecka.\"><\/object><a id=\"wp-block-file--media-c93a7c55-f3bb-4915-b633-f235b713598c\" href=\"https:\/\/fundacja-ass.pl\/wp-content\/uploads\/2025\/02\/Zgoda-rodzica-na-opiekuna-wobec-dziecka-1.pdf\">Zgoda rodzica na opiekuna wobec dziecka<\/a><a href=\"https:\/\/fundacja-ass.pl\/wp-content\/uploads\/2025\/02\/Zgoda-rodzica-na-opiekuna-wobec-dziecka-1.pdf\" class=\"wp-block-file__button wp-element-button\" download aria-describedby=\"wp-block-file--media-c93a7c55-f3bb-4915-b633-f235b713598c\">Pobierz<\/a><\/div>\n\n\n\n<figure class=\"wp-block-image size-full\"><img loading=\"lazy\" decoding=\"async\" width=\"756\" height=\"140\" src=\"https:\/\/fundacja-ass.pl\/wp-content\/uploads\/2025\/02\/image-3.png\" alt=\"\" class=\"wp-image-195\" srcset=\"https:\/\/fundacja-ass.pl\/wp-content\/uploads\/2025\/02\/image-3.png 756w, https:\/\/fundacja-ass.pl\/wp-content\/uploads\/2025\/02\/image-3-300x56.png 300w\" sizes=\"auto, (max-width: 756px) 100vw, 756px\" \/><\/figure>\n\n\n\n<p><\/p>\n","protected":false},"excerpt":{"rendered":"<p>REKRUTACJA \u201eAsystent osobisty osoby z niepe\u0142nosprawno\u015bci\u0105\u201d dla Organizacji Pozarz\u0105dowych \u2013 edycja 2025 Fundacja Agencji S\u0142u\u017cby Spo\u0142ecznej, filia w Toruniu, rozpoczyna nab\u00f3r do Programu Ministerstwa Rodziny, Pracy i Polityki Spo\u0142ecznej \u201eAsystent osobisty osoby z niepe\u0142nosprawno\u015bci\u0105\u201d dla Organizacji Pozarz\u0105dowych \u2013 edycja 2025. Program AOON \u2013 edycja 2025 finansowany ze \u015brodk\u00f3w Funduszu Solidarno\u015bciowego, ma na celu wsparcie os\u00f3b&hellip; <\/p>\n<div class=\"readmore-wrapper\"><a href=\"https:\/\/fundacja-ass.pl\/index.php\/asystent-osobisty-osoby-z-niepelnosprawnoscia\/\" class=\"more-link\">Czytaj wi\u0119cej<\/a><\/div>\n","protected":false},"author":1,"featured_media":0,"parent":0,"menu_order":0,"comment_status":"closed","ping_status":"closed","template":"","meta":{"footnotes":""},"class_list":["post-51","page","type-page","status-publish","hentry"],"_links":{"self":[{"href":"https:\/\/fundacja-ass.pl\/index.php\/wp-json\/wp\/v2\/pages\/51","targetHints":{"allow":["GET"]}}],"collection":[{"href":"https:\/\/fundacja-ass.pl\/index.php\/wp-json\/wp\/v2\/pages"}],"about":[{"href":"https:\/\/fundacja-ass.pl\/index.php\/wp-json\/wp\/v2\/types\/page"}],"author":[{"embeddable":true,"href":"https:\/\/fundacja-ass.pl\/index.php\/wp-json\/wp\/v2\/users\/1"}],"replies":[{"embeddable":true,"href":"https:\/\/fundacja-ass.pl\/index.php\/wp-json\/wp\/v2\/comments?post=51"}],"version-history":[{"count":4,"href":"https:\/\/fundacja-ass.pl\/index.php\/wp-json\/wp\/v2\/pages\/51\/revisions"}],"predecessor-version":[{"id":208,"href":"https:\/\/fundacja-ass.pl\/index.php\/wp-json\/wp\/v2\/pages\/51\/revisions\/208"}],"wp:attachment":[{"href":"https:\/\/fundacja-ass.pl\/index.php\/wp-json\/wp\/v2\/media?parent=51"}],"curies":[{"name":"wp","href":"https:\/\/api.w.org\/{rel}","templated":true}]}}